 - 1, -3*f - 2*x + 67 = h. Is f prime?
True
Suppose -v = 5 - 8, 3*w + 2766 = -5*v. Let z be 1/3 - 2768/6. Let n = z - w. Is n a composite number?
True
Let q(i) = 31*i**3 - 4*i + 26. Is q(5) a prime number?
True
Suppose -73*h = -74*h + 6449. Is h a composite number?
False
Let b be 23/6 + 2/12. Let y(j) = 26*j - 7. Let o be y(b). Suppose 0 = 2*c - c - o. Is c a composite number?
False
Let y = 5 + -3. Let u(r) = 0*r**3 - r - y*r**2 - 10 - r**3 + 9. Is u(-5) prime?
True
Suppose 0 = 9*x - 15*x + 75642. Is x a prime number?
False
Let x = -82 - -97. Is (-9)/x - (-27896)/10 a composite number?
False
Suppose 4666 = 11*h - 9*h. Is h a prime number?
True
Suppose -2*g = -g - 4. Suppose g*j = 2*q - 11 + 1, q - 5 = -2*j. Suppose j*b - 6*b + 1758 = 0. Is b prime?
True
Suppose 2*n - 4*o = 14, 16 - 4 = 2*n - 3*o. Suppose 425 = 3*m + 2*m + 4*i, n*i = 0. Is m composite?
True
Let g(w) = w**3 + 14*w**2 - 7*w + 20. Let z be g(-11). Suppose -5*r + z + 1605 = 0. Is r a prime number?
False
Suppose 2955 = 2*g - 973. Suppose 8*s - 4*s - 2949 = -3*b, 2*b = -2*s + g. Is b prime?
False
Let o(k) = -2*k**3 - 7*k**2 - 3*k - 4. Let t be o(-3). Is -7*(368/4)/t composite?
True
Let s = -3862 + 7271. Is s composite?
True
Suppose -4*v - 14706 + 54990 = 0. Let z = v + -15398. Is z/(-49) + 4/14 prime?
True
Suppose -5*n = -3*z - 5746, 4*n - z - 5510 = -909. Is n a composite number?
False
Let p(g) = -g**3 - 5*g**2 - 6*g - 5. Suppose t + 16 = -3*t. Let f be p(t). Let o = f + 30. Is o composite?
True
Let h be 21/4 - 7/28. Suppose 1953 = -5*v + 2*o + 6394, 0 = -h*v + 3*o + 4444. Is v a composite number?
False
Suppose -2*g + 127 = -95. Let w = -44 + g. Is w composite?
False
Suppose -2*c + 5*a + 62 = -c, 293 = 4*c - 5*a. Suppose 0 = -4*u - 3*u + c. Is u a prime number?
True
Suppose 0 = -5*c + 2*q + 10307, -q + 640 = c - 1427. Is c a composite number?
False
Let p(f) be the first derivative of -13*f**2/2 - 13*f - 1. Let u = -1296 + 1290. Is p(u) composite?
True
Let s(o) = -2*o - 2. Let j be s(-5). Let n(h) be the third derivative of 3*h**4/4 - h**3/6 - 25*h**2 + h. Is n(j) composite?
True
Suppose 5*i = i + 8980. Suppose -5*u = -0*u - i. Is u a prime number?
True
Suppose -15 = -3*z - 2*z. Suppose -1 = 2*h - 3*r, 0 = -z*h + 5*r - r. Suppose -396 = -h*w + 112. Is w composite?
False
Let s(j) = -j**2 - 4*j - 3. Let u be s(-5). Let f(l) = 3*l**2 - 5*l - 11. Is f(u) prime?
False
Let k = 7 - 3. Suppose -s + 2*m + 815 = 0, -m = -0*s + k*s - 3260. Suppose 2*q + 3*q - s = 0. Is q a composite number?
False
Let g be 4/(-16)*-4 + 1*655. Let x = g + 855. Is x a composite number?
False
Let f(v) = 3*v**3 + 3*v**2 - 8*v - 1. Let d be f(-6). Let t = d - 40. Let o = -370 - t. Is o a composite number?
False
Suppose -5*y + 3*j = -y - 73580, -5*y + 91970 = -5*j. Is y a composite number?
True
Suppose 0 = 3*p - l - 200958, -70332 = 2*p - 5*l - 204317. Is p prime?
False
Suppose -3*a - a - 4*l + 8992 = 0, 3*l = -5*a + 11250. Let s = 583 - a. Is (-1)/(-3) + s/(-3) a prime number?
True
Let i = -17773 - -31667. Is i prime?
False
Suppose -40 = -3*w - 25. Suppose -5*q = -4*v - 817 - 2932, 0 = 3*q + w*v - 2242. Is q prime?
False
Let m be ((-9)/3)/(-6)*-289*2. Let i = 840 + m. Is i a prime number?
False
Suppose 105 + 55 = -5*t. Let z = 70 + -1. Let b = t + z. Is b a prime number?
True
Let y be 9 + (-1)/((-1)/2). Suppose -y = -3*q + 1. Suppose -4*w - q*v = -288, -v - 4*v - 42 = -w. Is w a composite number?
False
Suppose 0 = -567*m + 559*m + 8344. Is m a composite number?
True
Let c be (141 + (-20)/(-5))*12/(-10). Let b = c - -520. Is b a prime number?
False
Let r = -12 - -16. Is 0 + -7 + r + 790 a prime number?
True
Suppose 0 = 2*j + d - 528, 0 = 64*d - 62*d - 4. Is j a prime number?
True
Let w(s) = 5*s - 1. Let h be w(5). Suppose -h*k + 480 = -19*k. Suppose 2*m + 5*x - k = 0, -3*x = -5*m - 8*x + 270. Is m a composite number?
True
Let k = 1424 + 1027. Let m be k*1 + -2 + 2. Suppose 5*t + 4*f = m, -t + f = 4*f - 499. Is t a composite number?
False
Let d = -6058 - -11619. Is d a prime number?
False
Let f be (-2)/((-16)/(-2)) + (-273)/(-52). Let m(x) = -x**2 - 11*x + 7. Let h be m(-8). Suppose -416 + h = -f*w. Is w composite?
True
Let b be (0 - 1 - -5)/2. Suppose -5*w - 10 = 0, 892 = b*d + 3*d - w. Is d a prime number?
False
Let m(x) be the second derivative of -150*x**3 - x**2/2 - 29*x. Is m(-2) a composite number?
True
Let c be 1/(-2)*(-4 - -4). Suppose c = 3*w - w + 536. Let g = 445 + w. Is g a composite number?
True
Let g be -4*3*3/(-6). Let l(m) = -m**3 - m**2 + m. Let s(k) = -254*k**3 - 6*k**2 + 5*k + 2. Let z(b) = g*l(b) - s(b). Is z(1) a composite number?
True
Suppose -3 = 2*d + 5*s - 67, -3*d = -4*s - 142. Let y be 2/((-7)/(d/(-4))). Suppose 0 = 3*i + 3*t + t - 98, -y*i - 3*t = -99. Is i prime?
False
Let h be 3 + (-4)/((-4)/(-3)). Suppose h = 7*s + 551 - 6816. Is s composite?
True
Let s = 9573 - 4861. Suppose -4*a + 3*a + s = 4*f, -4*a = -5*f + 5869. Is f composite?
True
Let x = -29 - -8. Let o(j) = -j**3 - 19*j**2 + 8*j + 23. Is o(x) prime?
False
Let o = 15 + -15. Suppose 85 = r - o*r. Is r a prime number?
False
Is -61141*(-5)/(-15)*(3 + -6) a composite number?
False
Let w(g) = g**3 - 5*g**2 + 6*g - 4. Suppose -2*s + 2*h + 2 + 2 = 0, s - 3*h = -2. Let t be w(s). Suppose j = -t*x + 129, 5*x - 94 = 2*j + 51. Is x prime?
True
Suppose 11*w - 4*w + 168 = 0. Let j = w - -28. Suppose -j*d = -4*c + 852, -2*c - 5*d - 140 = -580. Is c a composite number?
True
Let c(m) = 3*m**3 - 34*m**2 - 13*m - 13. Let i = 41 + -27. Is c(i) prime?
True
Let f = 1797 - -3592. Is f a prime number?
False
Suppose 8*m + 188 = 6*m. Let q = 209 + m. Is q a prime number?
False
Let h(g) = 3*g**3 - 9*g**2 - 11*g + 20. Let n be h(8). Let k = 2403 - n. Is k a prime number?
True
Let n be ((-24)/5)/((-6)/940). Suppose 5*m = -197 + n. Suppose -5*a = -224 - m. Is a a prime number?
True
Let u = 52808 + -9055. Is u a composite number?
False
Suppose 2*k = -3*s + 36792, -5*k - s + 42903 + 49064 = 0. Is k a composite number?
True
Let n = 86 - -384. Let l = -25 + n. Is l composite?
True
Let a be (6/(-3))/(2/2268). Let k = 1472 + a. Let l = 1161 + k. Is l prime?
False
Let o = -94 - -67. Let f = -6 - o. Is f a prime number?
False
Suppose 14 = d - 5. Let c = 22 - d. Suppose 37 = 4*g - c*g. Is g a composite number?
False
Suppose -611*c = -610*c - 29551. Is c a composite number?
True
Let w(p) = p + 36. Suppose -x + 28 = 3*k + 11, -4*x + 4*k = -68. Is w(x) prime?
True
Suppose 0 = 26*s - 30*s + 8. Suppose -l + s*a - 8 = 1, 5 = -a. Let u = 130 - l. Is u composite?
False
Suppose -4*x + 2*b = 5*b - 1052, 0 = 3*x - 4*b - 814. Let j = -148 + x. Is j prime?
False
Is (6 + 28681)*(5 + -3 + -1) prime?
True
Let g be (22 + -501)/((-1)/(-7)). Let k = -1974 - g. Is k composite?
True
Let d(m) = 103 + m + 71 - 21 - 10. Let g = 23 + -23. Is d(g) a prime number?
False
Suppose 55*a + 4 = 54*a. Let o(s) = -9*s**3 - 6*s**2 - s - 3. Is o(a) composite?
True
Let h(w) = 453*w + 15. Is h(2) a composite number?
True
Let j be 6/10*(-14 - -19). Suppose 0 = -j*q + 5*k + 7, 0 = k - 6*k + 5. Suppose -3*s + 0*v = q*v - 351, 4*s = 2*v + 446. Is s a composite number?
False
Let w = 14 + -9. Suppose 0 = a - 2 + w. Is ((-10)/a)/(6/333) composite?
True
Let g be 2 - (-1)/(1/(-2188)). Is 6/9 + g/(-6) a prime number?
False
Let p(f) = 116*f**2 - 3*f + 44. Is p(5) a prime number?
False
Let q be 2/(-4) + (-265)/10. Let z = q - -99. Suppose 0 = 4*g - z - 116. Is g composite?
False
Let j(s) = 10*s**2 - 13*s + 38. Is j(9) composite?
True
Let w = 13436 - 6967. Is w a composite number?
False
Suppose -u = 4*p - 7367, -6*p + p + 29501 = 4*u. Is u a composite number?
True
Let n = -175 - -1686. Is n a composite number?
False
Suppose 8*a - 4*b - 148680 = 0, -2*b + 4 = 12. Is a composite?
False
Let r(l) = 2*l**3 + 9*l**2 - 8*l + 3. Let h(x) = x**3 + x**2 - x - 1. Let k(o) = -6*h(o) + r(o). Let g be (-650)/182 - 3/7. Is k(g) composite?
True
Suppose 6*n - 5*n - v = 72355, -n + 72343 = 5*v. Is n a prime number?
True
Let k = -12154 + 24815. Is k prime?
False
Suppose 4032 - 30728 = -8*r. Is r a composite number?
True
Suppose 22*w + 102 = 20*w. Let f = 8 - w. Is f prime?
True
Is 6 + (-71439)/(-33) - 2/(-11) prime?
False
Suppose 5*d = 2*k + 16198 + 7585, -3*d + 14268 = -3*k. Is d a composite number?
True
Suppose -o + 10097 + 2261 